{"id":147,"date":"2015-08-31T23:40:04","date_gmt":"2015-08-31T20:40:04","guid":{"rendered":"http:\/\/peltos.no-ip.info\/phelsrk\/\/?page_id=147"},"modified":"2023-04-30T19:55:32","modified_gmt":"2023-04-30T16:55:32","slug":"seurakuntamme","status":"publish","type":"page","link":"https:\/\/www.pomarkunhelluntaisrk.fi\/index.php\/seurakuntamme\/","title":{"rendered":"Seurakuntamme"},"content":{"rendered":"<p>Seurakuntamme on koti, jonne saat tulla omana itsen\u00e4si kohtaamaan Jumalaa henkil\u00f6kohtaisesti. Otamme sinut l\u00e4mpim\u00e4sti vastaan tilaisuuksiimme. Paikallisseurakuntamme koostuu noin sadasta pomarkkulaisesta ja sen l\u00e4hiymp\u00e4rist\u00f6ss\u00e4 asuvasta j\u00e4senest\u00e4.<\/p>\n<p>Pomarkun helluntaiseurakunta on itsen\u00e4inen helluntaiseurakunta, ja se on perustettu 14.10.1934. Suomessa on noin 265 helluntaiseurakuntaa, joihin kuuluu noin 50 000 j\u00e4sent\u00e4. Maailmanlaajuisesti helluntailaisiin kuuluvia kristittyj\u00e4 on noin 534 miljoonaa.<\/p>\n<p>Pomarkun helluntaiseurakunta \u2013 Pomarkun helluntail\u00e4hetys ry \u2013 toimii vapaaehtoisty\u00f6ntekij\u00f6iden varassa. Seurakunnan hengellisi\u00e4 johtajia ovat vanhimmistoon valitut seurakuntalaiset. Talous- ja kiinteist\u00f6asioista vastaa rekister\u00f6ity yhdistys.<\/p>\n<p>Seurakunnan talous on t\u00e4ysin vapaaehtoisten lahjoituksien varassa, emme peri j\u00e4senilt\u00e4mme veroja tai maksuja. Tilaisuuksissa ker\u00e4\u00e4mme vapaaehtoisia rahalahjoja. Toiminta rahoitetaan kokonaan vapaaehtoisilla lahjoituksilla.<\/p>\n<hr \/>\n<table>\n<tbody>\n<tr>\n<td style=\"text-align: center;\"><a href=\"http:\/\/www.pomarkunhelluntaisrk.fi\/wp-content\/uploads\/2020\/09\/2020-08-30-10.07.03_720p.jpg\"><img loading=\"lazy\" decoding=\"async\" class=\"alignnone wp-image-2851 size-medium\" src=\"http:\/\/www.pomarkunhelluntaisrk.fi\/wp-content\/uploads\/2020\/09\/2020-08-30-10.07.03_720p-300x169.jpg\" alt=\"\" width=\"300\" height=\"169\" srcset=\"https:\/\/www.pomarkunhelluntaisrk.fi\/wp-content\/uploads\/2020\/09\/2020-08-30-10.07.03_720p-300x169.jpg 300w, https:\/\/www.pomarkunhelluntaisrk.fi\/wp-content\/uploads\/2020\/09\/2020-08-30-10.07.03_720p-1024x576.jpg 1024w, https:\/\/www.pomarkunhelluntaisrk.fi\/wp-content\/uploads\/2020\/09\/2020-08-30-10.07.03_720p-768x432.jpg 768w, https:\/\/www.pomarkunhelluntaisrk.fi\/wp-content\/uploads\/2020\/09\/2020-08-30-10.07.03_720p.jpg 1280w\" sizes=\"(max-width: 300px) 100vw, 300px\" \/><\/a> <a href=\"http:\/\/www.pomarkunhelluntaisrk.fi\/wp-content\/uploads\/2020\/09\/2020-08-30-10.06.18_720p.jpg\"><img loading=\"lazy\" decoding=\"async\" class=\"alignnone wp-image-2850 size-medium\" src=\"http:\/\/www.pomarkunhelluntaisrk.fi\/wp-content\/uploads\/2020\/09\/2020-08-30-10.06.18_720p-300x169.jpg\" alt=\"\" width=\"300\" height=\"169\" srcset=\"https:\/\/www.pomarkunhelluntaisrk.fi\/wp-content\/uploads\/2020\/09\/2020-08-30-10.06.18_720p-300x169.jpg 300w, https:\/\/www.pomarkunhelluntaisrk.fi\/wp-content\/uploads\/2020\/09\/2020-08-30-10.06.18_720p-1024x576.jpg 1024w, https:\/\/www.pomarkunhelluntaisrk.fi\/wp-content\/uploads\/2020\/09\/2020-08-30-10.06.18_720p-768x432.jpg 768w, https:\/\/www.pomarkunhelluntaisrk.fi\/wp-content\/uploads\/2020\/09\/2020-08-30-10.06.18_720p.jpg 1280w\" sizes=\"(max-width: 300px) 100vw, 300px\" \/><\/a> <a href=\"http:\/\/www.pomarkunhelluntaisrk.fi\/wp-content\/uploads\/2020\/09\/2020-08-30-10.05.26_720p.jpg\"><img loading=\"lazy\" decoding=\"async\" class=\"alignnone wp-image-2853 size-medium\" src=\"http:\/\/www.pomarkunhelluntaisrk.fi\/wp-content\/uploads\/2020\/09\/2020-08-30-10.05.26_720p-300x169.jpg\" alt=\"\" width=\"300\" height=\"169\" srcset=\"https:\/\/www.pomarkunhelluntaisrk.fi\/wp-content\/uploads\/2020\/09\/2020-08-30-10.05.26_720p-300x169.jpg 300w, https:\/\/www.pomarkunhelluntaisrk.fi\/wp-content\/uploads\/2020\/09\/2020-08-30-10.05.26_720p-1024x576.jpg 1024w, https:\/\/www.pomarkunhelluntaisrk.fi\/wp-content\/uploads\/2020\/09\/2020-08-30-10.05.26_720p-768x432.jpg 768w, https:\/\/www.pomarkunhelluntaisrk.fi\/wp-content\/uploads\/2020\/09\/2020-08-30-10.05.26_720p.jpg 1280w\" sizes=\"(max-width: 300px) 100vw, 300px\" \/><\/a><\/p>\n<p>&nbsp;<\/p>\n<p>Kuvia rukoushuoneestamme syyskuussa 2020<\/p>\n<\/td>\n<\/tr>\n<\/tbody>\n<\/table>\n","protected":false},"excerpt":{"rendered":"<p>Seurakuntamme on koti, jonne saat tulla omana itsen\u00e4si kohtaamaan Jumalaa henkil\u00f6kohtaisesti. Otamme sinut l\u00e4mpim\u00e4sti vastaan tilaisuuksiimme. Paikallisseurakuntamme koostuu noin sadasta pomarkkulaisesta ja sen l\u00e4hiymp\u00e4rist\u00f6ss\u00e4 asuvasta j\u00e4senest\u00e4. Pomarkun helluntaiseurakunta on itsen\u00e4inen helluntaiseurakunta, ja se on perustettu 14.10.1934. Suomessa on noin 265 helluntaiseurakuntaa, joihin kuuluu noin 50 000 j\u00e4sent\u00e4. Maailmanlaajuisesti helluntailaisiin kuuluvia kristittyj\u00e4 on noin 534 miljoonaa. [&hellip;]<\/p>\n","protected":false},"author":1,"featured_media":127,"parent":0,"menu_order":0,"comment_status":"closed","ping_status":"closed","template":"","meta":{"footnotes":""},"class_list":["post-147","page","type-page","status-publish","has-post-thumbnail","hentry"],"_links":{"self":[{"href":"https:\/\/www.pomarkunhelluntaisrk.fi\/index.php\/wp-json\/wp\/v2\/pages\/147"}],"collection":[{"href":"https:\/\/www.pomarkunhelluntaisrk.fi\/index.php\/wp-json\/wp\/v2\/pages"}],"about":[{"href":"https:\/\/www.pomarkunhelluntaisrk.fi\/index.php\/wp-json\/wp\/v2\/types\/page"}],"author":[{"embeddable":true,"href":"https:\/\/www.pomarkunhelluntaisrk.fi\/index.php\/wp-json\/wp\/v2\/users\/1"}],"replies":[{"embeddable":true,"href":"https:\/\/www.pomarkunhelluntaisrk.fi\/index.php\/wp-json\/wp\/v2\/comments?post=147"}],"version-history":[{"count":36,"href":"https:\/\/www.pomarkunhelluntaisrk.fi\/index.php\/wp-json\/wp\/v2\/pages\/147\/revisions"}],"predecessor-version":[{"id":4108,"href":"https:\/\/www.pomarkunhelluntaisrk.fi\/index.php\/wp-json\/wp\/v2\/pages\/147\/revisions\/4108"}],"wp:featuredmedia":[{"embeddable":true,"href":"https:\/\/www.pomarkunhelluntaisrk.fi\/index.php\/wp-json\/wp\/v2\/media\/127"}],"wp:attachment":[{"href":"https:\/\/www.pomarkunhelluntaisrk.fi\/index.php\/wp-json\/wp\/v2\/media?parent=147"}],"curies":[{"name":"wp","href":"https:\/\/api.w.org\/{rel}","templated":true}]}}