{"id":39,"date":"2022-08-25T21:00:11","date_gmt":"2022-08-25T18:00:11","guid":{"rendered":"http:\/\/srkwww1.home.net\/?page_id=39"},"modified":"2025-09-07T20:22:07","modified_gmt":"2025-09-07T17:22:07","slug":"lapset","status":"publish","type":"page","link":"https:\/\/www.pomarkunhelluntaisrk.fi\/index.php\/lapset\/","title":{"rendered":"Lapset"},"content":{"rendered":"\n\n&#8221;Lapset ja lapsiperheet ovat tervetulleita kaikkiin tilaisuuksiimme. Sunnuntaisin paikalla on usein paljon lapsia, ja lapset saavat n\u00e4ky\u00e4 ja kuulua seurakunnassamme. Lapsille on oma leikkipaikka salin takaosassa. Pienille lapsille l\u00f6ytyy sy\u00f6tt\u00f6tuoleja ja keitti\u00f6n mikrolla voi l\u00e4mmitt\u00e4\u00e4 ruokia. Vaipanvaihtopisteet l\u00f6ytyv\u00e4t sek\u00e4 naisten ett\u00e4 miesten vessoista.\n\u00a0\n\u00a0\n<blockquote>\n<p><strong>Matt. 10:14-16:<\/strong> &#8221;Mutta kun Jeesus sen n\u00e4ki, n\u00e4rk\u00e4styi h\u00e4n ja sanoi heille: &#8221;Sallikaa lasten tulla minun tyk\u00f6ni, \u00e4lk\u00e4\u00e4k\u00e4 est\u00e4k\u00f6 heit\u00e4, sill\u00e4 senkaltaisten on Jumalan valtakunta.\u00a0Totisesti min\u00e4 sanon teille: joka ei ota vastaan Jumalan valtakuntaa niinkuin lapsi, se ei p\u00e4\u00e4se sinne sis\u00e4lle.&#8221;\u00a0Ja h\u00e4n otti heit\u00e4 syliins\u00e4, pani k\u00e4tens\u00e4 heid\u00e4n p\u00e4\u00e4llens\u00e4 ja siunasi heit\u00e4.&#8221;<\/p>\n<\/blockquote>\n<p>&nbsp;<\/p>\nKatso seurakuntamme lapsity\u00f6n <strong><a href=\"https:\/\/www.youtube.com\/channel\/UC04d_AQ6xkUneCVc6HVE7Uw\/videos\">Pomarkku-MiX Youtube -kanavaa<\/a><\/strong>.<br \/>\nYoutubessa voit my\u00f6s liitty\u00e4 kanavan seuraajaksi, niin saat tiedon uusista julkaisuista!\n<p>&nbsp;<\/p>\n<hr \/>\n<p><strong>Jippii-kuoro Kipin\u00e4t:<\/strong><\/p>\n<blockquote>\n<p>Parillisten viikkojen sunnuntaisin klo 11-12:30<\/p>\n<\/blockquote>\n<p><a href=\"https:\/\/www.pomarkunhelluntaisrk.fi\/wp-content\/uploads\/2025\/09\/jippiikuoro_s25_30566.png\"><img loading=\"lazy\" decoding=\"async\" src=\"https:\/\/www.pomarkunhelluntaisrk.fi\/wp-content\/uploads\/2025\/09\/jippiikuoro_s25_30566.png\" alt=\"\" width=\"1080\" height=\"1080\" \/><\/a><\/p>\n<hr \/>\n<p><strong>Leppis-kerho:<\/strong><\/p>\n<p>Leppis on uusi koko perheen kerho, jossa jokainen saa lev\u00e4ht\u00e4\u00e4 arjen touhujen keskell\u00e4. Leppis kokoontuu perjantaisin seurakunnallemme klo 10. Sy\u00f6mme aluksi aamupalan, hiljennymme hetkeksi Raamatun \u00e4\u00e4relle, leikimme, laulamme, askartelemme ja vaihdamme kuulumisia. Tervetuloa mukaan!<\/p>\n<p><a href=\"https:\/\/www.pomarkunhelluntaisrk.fi\/wp-content\/uploads\/2025\/09\/leppis_s25_29930.png\"><img loading=\"lazy\" decoding=\"async\" src=\"https:\/\/www.pomarkunhelluntaisrk.fi\/wp-content\/uploads\/2025\/09\/leppis_s25_29930.png\" alt=\"\" width=\"1587\" height=\"2245\" \/><\/a><\/p>\n<hr \/>\n<p><strong>Action Night -illat:<\/strong><\/p>\n<p>Varhaisnuorten oma toimintakerho Action Night alkaa j\u00e4lleen! Aiemmista vuosista poiketen kerho on nyt parillisten viikkojen perjantaisin klo 17.\u00a0<\/p>\n<p>Kerhoon ovat tervetulleita kaikki 5.-9.-luokkalaiset tyt\u00f6t ja pojat. Joka kerralla on tiedossa toiminnallista puuhaa seurakunnalla tai l\u00e4hiseuduilla, hengellist\u00e4 sanomaa, kavereita, iltapalaa ja yhdess\u00e4oloa. Uudetkin kerholaiset ovat l\u00e4mpim\u00e4sti tervetulleita mukaan!<\/p>\n<p><a href=\"https:\/\/www.pomarkunhelluntaisrk.fi\/wp-content\/uploads\/2025\/09\/action_night_s2025_29196.png\"><img loading=\"lazy\" decoding=\"async\" src=\"https:\/\/www.pomarkunhelluntaisrk.fi\/wp-content\/uploads\/2025\/09\/action_night_s2025_29196.png\" alt=\"\" width=\"800\" height=\"800\" \/><\/a><\/p>\n<p>&nbsp;<\/p>\n<hr \/>\n<p><strong>Tytt\u00f6kerho:<\/strong><\/p>\n<p>Tytt\u00f6kerho kokoontuu\u00a0 parillisten viikkojen keskiviikkoisin.\u00a0 Tervetuloa mukaan!<\/p>\n<p><a href=\"https:\/\/www.pomarkunhelluntaisrk.fi\/wp-content\/uploads\/2025\/09\/tyttokerho_s25_29261.png\"><img loading=\"lazy\" decoding=\"async\" src=\"https:\/\/www.pomarkunhelluntaisrk.fi\/wp-content\/uploads\/2025\/09\/tyttokerho_s25_29261.png\" alt=\"\" width=\"1587\" height=\"2245\" \/><\/a><\/p>\n\n","protected":false},"excerpt":{"rendered":"<p>&#8221;Lapset ja lapsiperheet ovat tervetulleita kaikkiin tilaisuuksiimme. Sunnuntaisin paikalla on usein paljon lapsia, ja lapset saavat n\u00e4ky\u00e4 ja kuulua seurakunnassamme. Lapsille on oma leikkipaikka salin takaosassa. Pienille lapsille l\u00f6ytyy sy\u00f6tt\u00f6tuoleja ja keitti\u00f6n mikrolla voi l\u00e4mmitt\u00e4\u00e4 ruokia. Vaipanvaihtopisteet l\u00f6ytyv\u00e4t sek\u00e4 naisten ett\u00e4 miesten vessoista. \u00a0 \u00a0 Matt. 10:14-16: &#8221;Mutta kun Jeesus sen n\u00e4ki, n\u00e4rk\u00e4styi h\u00e4n ja [&hellip;]<\/p>\n","protected":false},"author":5,"featured_media":0,"parent":0,"menu_order":0,"comment_status":"closed","ping_status":"closed","template":"","meta":{"footnotes":""},"class_list":["post-39","page","type-page","status-publish","hentry"],"_links":{"self":[{"href":"https:\/\/www.pomarkunhelluntaisrk.fi\/index.php\/wp-json\/wp\/v2\/pages\/39"}],"collection":[{"href":"https:\/\/www.pomarkunhelluntaisrk.fi\/index.php\/wp-json\/wp\/v2\/pages"}],"about":[{"href":"https:\/\/www.pomarkunhelluntaisrk.fi\/index.php\/wp-json\/wp\/v2\/types\/page"}],"author":[{"embeddable":true,"href":"https:\/\/www.pomarkunhelluntaisrk.fi\/index.php\/wp-json\/wp\/v2\/users\/5"}],"replies":[{"embeddable":true,"href":"https:\/\/www.pomarkunhelluntaisrk.fi\/index.php\/wp-json\/wp\/v2\/comments?post=39"}],"version-history":[{"count":100,"href":"https:\/\/www.pomarkunhelluntaisrk.fi\/index.php\/wp-json\/wp\/v2\/pages\/39\/revisions"}],"predecessor-version":[{"id":4837,"href":"https:\/\/www.pomarkunhelluntaisrk.fi\/index.php\/wp-json\/wp\/v2\/pages\/39\/revisions\/4837"}],"wp:attachment":[{"href":"https:\/\/www.pomarkunhelluntaisrk.fi\/index.php\/wp-json\/wp\/v2\/media?parent=39"}],"curies":[{"name":"wp","href":"https:\/\/api.w.org\/{rel}","templated":true}]}}