{"id":966,"date":"2016-11-17T19:51:14","date_gmt":"2016-11-17T17:51:14","guid":{"rendered":"http:\/\/peltos.no-ip.info\/phelsrk\/?page_id=966"},"modified":"2020-11-15T07:39:43","modified_gmt":"2020-11-15T05:39:43","slug":"miestenillat","status":"publish","type":"page","link":"https:\/\/www.pomarkunhelluntaisrk.fi\/index.php\/miestenillat\/","title":{"rendered":"Miestenillat"},"content":{"rendered":"<p>Miehin\u00e4 kokoonnumme muutaman viikon v\u00e4lein perjantai-iltaisin viett\u00e4m\u00e4\u00e4n yhdess\u00e4 iltaa. Olet tervetullut mukaan i\u00e4st\u00e4 ja asuinpaikkakunnasta riippumatta. Voit kuulua johonkin seurakuntaan tai olla kuulumatta mihink\u00e4\u00e4n, olet aina tervetullut mukaan!<\/p>\n<p>Usein saunomme, grillaamme, paistamme tai muuten vain sy\u00f6mme jotain hyv\u00e4\u00e4 nyytt\u00e4riperiaatteella.<\/p>\n<p>Illan ohjelmaan kuuluu my\u00f6s hengellinen osuus ja yhteist\u00e4 keskustelua hengellisist\u00e4 asioista.<\/p>\n<p>&nbsp;<\/p>\n","protected":false},"excerpt":{"rendered":"<p>Miehin\u00e4 kokoonnumme muutaman viikon v\u00e4lein perjantai-iltaisin viett\u00e4m\u00e4\u00e4n yhdess\u00e4 iltaa. Olet tervetullut mukaan i\u00e4st\u00e4 ja asuinpaikkakunnasta riippumatta. Voit kuulua johonkin seurakuntaan tai olla kuulumatta mihink\u00e4\u00e4n, olet aina tervetullut mukaan! Usein saunomme, grillaamme, paistamme tai muuten vain sy\u00f6mme jotain hyv\u00e4\u00e4 nyytt\u00e4riperiaatteella. Illan ohjelmaan kuuluu my\u00f6s hengellinen osuus ja yhteist\u00e4 keskustelua hengellisist\u00e4 asioista. &nbsp;<\/p>\n","protected":false},"author":2,"featured_media":0,"parent":0,"menu_order":0,"comment_status":"closed","ping_status":"closed","template":"","meta":{"footnotes":""},"class_list":["post-966","page","type-page","status-publish","hentry"],"_links":{"self":[{"href":"https:\/\/www.pomarkunhelluntaisrk.fi\/index.php\/wp-json\/wp\/v2\/pages\/966"}],"collection":[{"href":"https:\/\/www.pomarkunhelluntaisrk.fi\/index.php\/wp-json\/wp\/v2\/pages"}],"about":[{"href":"https:\/\/www.pomarkunhelluntaisrk.fi\/index.php\/wp-json\/wp\/v2\/types\/page"}],"author":[{"embeddable":true,"href":"https:\/\/www.pomarkunhelluntaisrk.fi\/index.php\/wp-json\/wp\/v2\/users\/2"}],"replies":[{"embeddable":true,"href":"https:\/\/www.pomarkunhelluntaisrk.fi\/index.php\/wp-json\/wp\/v2\/comments?post=966"}],"version-history":[{"count":17,"href":"https:\/\/www.pomarkunhelluntaisrk.fi\/index.php\/wp-json\/wp\/v2\/pages\/966\/revisions"}],"predecessor-version":[{"id":2956,"href":"https:\/\/www.pomarkunhelluntaisrk.fi\/index.php\/wp-json\/wp\/v2\/pages\/966\/revisions\/2956"}],"wp:attachment":[{"href":"https:\/\/www.pomarkunhelluntaisrk.fi\/index.php\/wp-json\/wp\/v2\/media?parent=966"}],"curies":[{"name":"wp","href":"https:\/\/api.w.org\/{rel}","templated":true}]}}